r of 342 and 14877.
171
Calculate the highest common divisor of 3 and 4197.
3
Calculate the greatest common factor of 37 and 22163.
37
What is the greatest common factor of 221 and 833?
17
What is the greatest common divisor of 1806 and 42?
42
Calculate the greatest common divisor of 2420 and 847.
121
What is the greatest common divisor of 192 and 78?
6
What is the greatest common divisor of 52 and 52?
52
What is the greatest common factor of 26 and 442?
26
Calculate the greatest common factor of 28 and 980.
28
Calculate the greatest common factor of 4050 and 567.
81
Calculate the highest common divisor of 22887 and 9.
9
Calculate the highest common factor of 56 and 232.
8
What is the highest common factor of 34 and 50507?
17
Calculate the greatest common factor of 221 and 949.
13
Calculate the highest common divisor of 7 and 8743.
7
What is the greatest common divisor of 20 and 90?
10
What is the greatest common divisor of 177 and 33984?
177
What is the highest common factor of 2736 and 3249?
171
What is the greatest common factor of 216 and 27?
27
What is the greatest common divisor of 93 and 12?
3
What is the highest common factor of 6948 and 18?
18
What is the greatest common divisor of 60987 and 87?
87
Calculate the highest common divisor of 312 and 48.
24
Calculate the greatest common divisor of 6 and 156.
6
What is the greatest common divisor of 18 and 1206?
18
What is the highest common divisor of 715 and 195?
65
Calculate the highest common factor of 4991 and 966.
161
Calculate the highest common divisor of 8896 and 417.
139
Calculate the greatest common factor of 255 and 5508.
51
Calculate the greatest common divisor of 56 and 216.
8
Calculate the greatest common divisor of 40 and 320.
40
Calculate the highest common divisor of 5696 and 64.
64
What is the greatest common divisor of 1845 and 90?
45
Calculate the greatest common factor of 72 and 63.
9
Calculate the highest common divisor of 112 and 840.
56
What is the highest common divisor of 4 and 29?
1
What is the highest common divisor of 2272 and 994?
142
What is the highest common factor of 80 and 1720?
40
Calculate the greatest common divisor of 4777 and 51.
17
What is the greatest common divisor of 18 and 672?
6
What is the greatest common divisor of 129 and 43?
43
Calculate the highest common divisor of 13754 and 26.
26
Calculate the greatest common divisor of 462 and 168.
42
What is the highest common factor of 29 and 261?
29
What is the highest common divisor of 345 and 184?
23
Calculate the highest common divisor of 5064 and 16.
8
Calculate the greatest common factor of 10 and 65.
5
What is the highest common divisor of 36 and 456?
12
Calculate the greatest common factor of 2664 and 370.
74
Calculate the greatest common factor of 18 and 960.
6
Calculate the greatest common factor of 364 and 2716.
28
What is the greatest common divisor of 345 and 435?
15
What is the highest common factor of 189 and 21?
21
What is the greatest common factor of 58 and 551?
29
Calculate the highest common factor of 156 and 684.
12
Calculate the greatest common factor of 3047 and 110.
11
Calculate the highest common factor of 79 and 4.
1
Calculate the highest common factor of 4086 and 36.
18
Calculate the greatest common factor of 24 and 1752.
24
Calculate the greatest common factor of 968 and 256.
8
Calculate the highest common divisor of 845 and 5.
5
What is the highest common factor of 900 and 500?
100
What is the greatest common factor of 52 and 234?
26
Calculate the highest common factor of 6647 and 289.
289
Calculate the highest common factor of 1 and 13.
1
What is the greatest common factor of 1728 and 18?
18
What is the highest common divisor of 243 and 1053?
81
What is the greatest common divisor of 83 and 7?
1
Calculate the greatest common divisor of 558 and 62.
62
Calculate the highest common divisor of 55 and 10.
5
What is the greatest common divisor of 102 and 54?
6
Calculate the greatest common divisor of 830 and 80.
10
Calculate the greatest common divisor of 902 and 7298.
82
What is the greatest common divisor of 1457 and 94?
47
What is the highest common factor of 136 and 16?
8
Calculate the greatest common factor of 266 and 1159.
19
Calculate the highest common divisor of 145 and 116.
29
What is the greatest common divisor of 448 and 496?
16
What is the greatest common divisor of 96 and 3804?
12
What is the greatest common divisor of 53 and 53?
53
What is the greatest common factor of 218 and 4?
2
Calculate the highest common divisor of 9 and 15.
3
Calculate the highest common divisor of 323 and 57.
19
What is the greatest common divisor of 12 and 23412?
12
What is the highest common divisor of 19 and 779?
19
Calculate the highest common divisor of 13695 and 440.
55
Calculate the greatest common divisor of 462 and 336.
42
What is the highest common divisor of 1 and 1338?
1
Calculate the highest common factor of 450 and 6030.
90
Calculate the greatest common factor of 136 and 2.
2
What is the greatest common factor of 23 and 207?
23
What is the greatest common factor of 324 and 135?
27
What is the highest common factor of 177 and 3776?
59
What is the highest common factor of 109365 and 115?
115
Calculate the greatest common divisor of 128 and 216.
8
Calculate the greatest common factor of 24 and 4152.
24
Calculate the greatest common divisor of 1476 and 18.
18
Calculate the greatest common divisor of 98 and 1722.
14
What is the highest common factor of 896 and 192?
64
What is the greatest common factor of 10480 and 5?
5
What is the highest common factor of 318 and 477?
159
Calculate the greatest common factor of 22 and 1485.
11
Calculate the greatest common divisor of 5 and 2.
1
Calculate the highest common factor of 780 and 860.
20
What is the greatest common divisor of 752 and 16?
16
Calculate the greatest common divisor of 17 and 14569.
17
What is the highest common divisor of 161 and 115?
23
Calculate the highest common divisor of 384 and 6.
6
What is the greatest common divisor of 320 and 260?
20
What is the greatest common factor of 9 and 153?
9
What is the greatest common divisor of 46 and 1196?
46
Calculate the greatest common divisor of 7813 and 13.
13
What is the greatest common factor of 330 and 120?
30
Calculate the greatest common factor of 23 and 299.
23
What is the greatest common divisor of 12930 and 90?
30
What is the highest common divisor of 36337 and 203?
203
Calculate the highest common divisor of 348 and 1508.
116
What is the highest common factor of 44 and 3124?
44
What is the highest common divisor of 24 and 768?
24
What is the greatest common factor of 434 and 775?
31
What is the highest common divisor of 486 and 108?
54
Calculate the greatest common factor of 806 and 182.
26
Calculate the greatest common factor of 1 and 25.
1
What is the highest common factor of 35 and 2583?
7
Calculate the highest common divisor of 88858 and 154.
154
What is the highest common divisor of 120 and 210?
30
Calculate the highest common factor of 64 and 224.
32
What is the greatest common divisor of 115 and 11615?
115
Calculate the greatest common divisor of 40 and 24.
8
Calculate the greatest common divisor of 26335 and 115.
115
Calculate the greatest common divisor of 288 and 448.
32
What is the greatest common factor of 4 and 2308?
4
Calculate the highest common divisor of 320 and 460.
20
Calculate the greatest common factor of 3 and 183.
3
What is the greatest common factor of 1717 and 119?
17
Calculate the highest common factor of 327 and 3.
3
What is the greatest common divisor of 96 and 13152?
96
Calculate the highest common factor of 84 and 1596.
84
What is the highest common factor of 4 and 33076?
4
What is the greatest common divisor of 2195 and 5?
5
Calculate the greatest common factor of 23 and 2162.
23
Calculate the greatest common factor of 77 and 407.
11
Calculate the highest common divisor of 6090 and 60.
30
Calculate the greatest common divisor of 374 and 242.
22
What is the greatest common factor of 9 and 18?
9
Calculate the greatest common factor of 11 and 198.
11
What is the greatest common divisor of 198 and 48?
6
Calculate the greatest common factor of 96 and 1248.
96
Calculate the greatest common factor of 56 and 133.
7
Calculate the highest comm